s divided by b?
5
Let f = 17 - 8. What is the remainder when 17 is divided by f?
8
Let h(c) = -c**3 + 5*c**2 + c - 1. Let a be h(4). Let g = 43 - a. What is the remainder when 47 is divided by g?
23
Suppose 3 + 7 = 5*s. Calculate the remainder when 61 is divided by 20 - ((-6)/s + 2).
19
Let g(w) = w**2 + 6*w + 8. Let j = 27 - 14. Calculate the remainder when j is divided by g(-6).
5
Let i(c) = 10*c**2 - 17*c - 2. What is the remainder when i(-3) is divided by 28?
27
Let l(t) = 14*t**2 + 3*t. Let p be l(-2). Let m = p + -9. Suppose -s = -3*r + 2*s + 45, 5*s = 3*r - m. What is the remainder when 32 is divided by r?
15
Let m = 198 + -172. What is the remainder when 93 is divided by m?
15
Suppose -4 + 14 = -2*o. Let r = 11 + o. Calculate the remainder when 17 is divided by r.
5
Let y = -5 + 5. Suppose y*t = -4*t + 68. Let v = 35 - t. What is the remainder when 53 is divided by v?
17
Suppose -z - 13 + 6 = -3*s, -3*s - 3*z + 15 = 0. Suppose 0 = -s*k - 2*k + 10. Suppose k*p + 19 = 73. What is the remainder when 52 is divided by p?
25
Let c(y) = 8*y - 19. Calculate the remainder when c(7) is divided by 10.
7
Let u = 5 - -1. Suppose 35*h + 6 = 37*h. Calculate the remainder when u is divided by h.
0
Suppose -2*g + 26 = -30. Suppose 1 = 4*s + 5. Let h = 16 + s. Calculate the remainder when g is divided by h.
13
Let a(f) = -5*f + 4. Let d be a(-6). Suppose 2*k + 99 = 5*k. What is the remainder when k is divided by (d/4)/(3/6)?
16
Let j = -76 - -170. What is the remainder when j is divided by 24?
22
Suppose -r - 5 = 1. Let z = r - -11. Suppose z*y - 180 = -25. What is the remainder when y is divided by 16?
15
Suppose 5 + 4 = -t + 4*n, 3*t + 2*n + 69 = 0. Let d = t + 34. What is the remainder when 51 is divided by d?
12
Suppose 0 = 8*y - 2*y - 228. What is the remainder when y is divided by 20?
18
Suppose -3*k + 4*z + 73 = 0, 5*k - z - 150 = -0*k. Calculate the remainder when 60 is divided by k.
29
Suppose -4*i - 8 + 24 = 0. Suppose -w - 120 = -4*k, 2*k - 74 = -0*w + i*w. What is the remainder when k is divided by 10?
9
Let g = -6 + 67. Let p(w) = 7*w + 2. What is the remainder when g is divided by p(2)?
13
Calculate the remainder when -4 + (5 - 3 - -21) is divided by 11.
8
Suppose a - 356 = -3*a. Calculate the remainder when a is divided by 9.
8
Suppose 6*f = 3*f - 9. What is the remainder when 30 + f + 3 + 0 is divided by 16?
14
Suppose 3*n - 5*h - 1 = 0, -n + 0*n = 5*h - 7. Suppose 5*i - 145 = 2*y, 69 = n*i + 2*y - 3. What is the remainder when i is divided by 16?
15
Suppose 2*k - 4*q - q = 102, 0 = q. Suppose 3*v = 0, 0*v = -3*p - v + k. What is the remainder when 33 is divided by p?
16
What is the remainder when (2*(5 - 1))/1 is divided by 5?
3
Let u(x) be the second derivative of 5*x**3/6 + x**2 - x. Let w = -75 - -109. What is the remainder when w is divided by u(2)?
10
Let l(r) = r**3 - 2*r**2 + r - 3. Let x be l(3). Suppose 4*m + x = 77. What is the remainder when 33 is divided by m?
16
Let k = 29 - 52. Let i = k - -39. Calculate the remainder when 31 is divided by i.
15
Let i(x) be the first derivative of -3*x**2/2 + 8*x + 43. Let m be (-3 + 2)/((-2)/(-18)). What is the remainder when i(m) is divided by 9?
8
Suppose -4*m - 3*a + 124 = -2*a, m - 31 = 5*a. Calculate the remainder when m is divided by 16.
15
Suppose -2*o + 3*a = -124, 4*a - 7 + 192 = 3*o. What is the remainder when o is divided by 16?
11
What is the remainder when 240/18*1/(5/24) is divided by 13?
12
Calculate the remainder when 1 - 3 - (-34)/2 is divided by 9.
6
Let m(d) = -d**3 - 7*d**2 - 2*d - 6. Let v be m(-7). Suppose -v = -r - r. Calculate the remainder when 14 is divided by r.
2
Let f = -5 - -49. Calculate the remainder when f is divided by 15.
14
Suppose 9 = -9*b + 243. Calculate the remainder when b is divided by 6.
2
Let k = -9 - 0. Let b = k + 7. Calculate the remainder when 1 + (-6)/b + 27 is divided by 11.
9
Let h(u) = -2*u + 38. Let d(o) = 39*o**3 - o**2 + o - 1. Let p be d(1). Let b = p - 25. Calculate the remainder when h(7) is divided by b.
11
Let d(v) = v**3 - 8*v**2 - 5*v + 3. Let a be d(9). Suppose r + 3*i - 16 = -1, -a = -5*r + 3*i. What is the remainder when 17 is divided by r?
8
Let g = 22 + 14. What is the remainder when 69 is divided by g?
33
Let a(m) = m**2 - 9*m + 17. What is the remainder when 10 is divided by a(7)?
1
Let k = 24 + -12. Let f = 4 + 3. What is the remainder when k is divided by f?
5
Suppose 2 + 8 = y. Let f = y + -3. Calculate the remainder when 13 is divided by f.
6
Suppose -18*k + 13*k = -490. Calculate the remainder when k is divided by 26.
20
Suppose -3*v + 0*v + 2*y + 26 = 0, -5*y + 25 = 0. Suppose -37 = -t + v. What is the remainder when t is divided by 13?
10
Suppose 0 = -5*g + 2*g + 57. Calculate the remainder when 75 is divided by g.
18
Let m = 13 - 5. Suppose 0 = 2*l + 4*f - m, -4*f = -l - 44 + 18. Calculate the remainder when 8 is divided by (-28)/l + (-1)/(-3).
3
Suppose 3*a + a = 0. Suppose -62 = -4*x - 3*l, 5*x = l - a*l + 68. Suppose 69 = 2*r - 3*u, -2*r + 0*u - 4*u = -34. What is the remainder when r is divided by x?
13
Let h be -4*(-1 - (1 + 0)). Suppose -3*z = -5*c + 1, -2*z + c + h = 2*c. Suppose -50 - 7 = -z*n. What is the remainder when 37 is divided by n?
18
Suppose 2*k + 2*p - 9 - 5 = 0, 5*k = 4*p - 1. Calculate the remainder when 43 is divided by 176/12 + 1/k.
13
Let d(v) = -29*v + 9. Let z(q) = 86*q - 27. Let h(y) = 8*d(y) + 3*z(y). What is the remainder when h(4) is divided by 32?
31
Suppose -4*z - 144 = -4*o, 8*o = 4*o + 2*z + 138. What is the remainder when 27 is divided by 2/11 + 324/o?
7
Suppose 69 = 5*g + 5*d - 66, 5*g + 2*d = 129. What is the remainder when 46 is divided by 310/g - (-4)/(-10)?
10
Let h(i) = -i**3 - 7*i**2 - 5*i + 2. Let b be h(-6). Let g = b + 8. What is the remainder when 2/(-1)*(-11)/2 is divided by g?
3
Let r be ((1 - 0) + -4)*2. Let k be -2 + 2 + r/3. Calculate the remainder when 1 + -10*3/k is divided by 6.
4
Suppose 4*t + 20 = 0, -148 = 4*i + 2*t - 394. What is the remainder when i is divided by 22?
20
Let q = 1 + -1. Let h = q - -12. What is the remainder when h is divided by 3/9 - 60/(-9)?
5
Let h(k) = -k - 9. Let c be h(-14). Let l(z) = 6*z - 1. What is the remainder when l(c) is divided by 15?
14
Suppose -3*t - 5*g = t - 21, -2*g = -5*t + 51. Let z be (-3)/(-3) + 47 - -2. Let w = z + -34. What is the remainder when w is divided by t?
7
Suppose -149 = -k - 2*m, -k + 144 = -3*m - 5. Let s = k + -92. What is the remainder when s is divided by 15?
12
Let y = 2 - 13. What is the remainder when 62 is divided by (y - -3)*(-2)/1?
14
Suppose 42 = -5*j - 13. What is the remainder when (-35)/(-2) + j/(-22) is divided by 5?
3
Suppose -4*z + 28 = -36. Suppose -3*y + 8*y = 150. What is the remainder when y is divided by z?
14
Let w = -20 - -37. Suppose -7*r = -2*r - 45. Calculate the remainder when w is divided by r.
8
Let p(s) = s**3 + 4*s**2 - 3*s + 2. Let z(r) = 7*r - 58. Calculate the remainder when z(12) is divided by p(-4).
12
Suppose -3*r = 2*u + 234, 234 = -3*r - 0*u - 3*u. Let k = r - -124. Calculate the remainder when k is divided by (-4)/(-8) + 62/4.
14
Suppose 4*f = 11 - 3. Let l(n) = -n**3 - n + 3. Calculate the remainder when l(0) is divided by f.
1
Let w(p) = -p**2 - 15*p + 27. Calculate the remainder when 173 is divided by w(-16).
8
Suppose 4*t - 2*b - 49 + 7 = 0, 6 = -2*b. What is the remainder when 240 is divided by t?
6
Let z = -38 + 59. Calculate the remainder when 39 is divided by z.
18
Suppose -1 = -3*u + 2. Suppose -v = u - 4. Calculate the remainder when v is divided by 2.
1
Let j = 138 + -95. What is the remainder when 128 is divided by j?
42
Let k(h) = -7*h**3 + 5*h**2 + 9*h + 4. Let c(d) = -d**3 + 1. Let p(x) = -6*c(x) + k(x). What is the remainder when p(6) is divided by 6?
4
Let u = 7 + -3. Suppose u*l + l = 85. Calculate the remainder when l is divided by 6.
5
Let m be (-191)/(-7) - (-8)/(-28). Suppose m = i + 2*i. What is the remainder when 15 is divided by i?
6
Suppose -2*c + 4 = -0*c. Calculate the remainder when -1*1*16/(-4) is divided by c.
0
Suppose 19 = p - 3*d, 5*p + 3*d + 37 = 114. What is the remainder when 42 is divided by p?
10
Suppose 3*l + 5*r = 3*r + 24, 0 = -4*l - r + 27. Suppose x = -a + 5, -x - 4*a = -a - 15. What is the remainder when x + -3 + 